978. Calculate the highest common factor of 56 and r.
14
Let q = 11489 - 11445. Calculate the highest common factor of 60 and q.
4
Let d(v) = 29*v. Let x be d(1). Let s = -15 + 124. Suppose -s + 1733 = 7*r. Calculate the greatest common factor of r and x.
29
Let w = -101 - -102. Let j be 996/9 + ((-16)/(-12) - w). What is the greatest common factor of j and 37?
37
Let d(r) = 5*r**3 - 5*r**2 + 16*r - 22. Let s be d(2). Let o be s/4*(-98)/(-3). Calculate the greatest common factor of o and 196.
49
Suppose 33566 = 6*d - 2*d + 14*f, -4*d - 4*f + 33536 = 0. What is the greatest common factor of 17 and d?
17
Suppose -904 = s - 3*t, -3*t = -3*s - 5*t - 2690. Let k = s - -914. Calculate the highest common factor of k and 11.
1
Suppose 5*n + 796 = 2*g, n = -4*g - 0*n + 1614. Suppose 0 = 159*p - 1017 - 1050. What is the highest common divisor of p and g?
13
Suppose 0 = -q + 302 + 201. Suppose 237 = 5*h - q. Calculate the highest common divisor of h and 4.
4
Let b(y) be the third derivative of -y**5/30 + 3*y**4/8 + 14*y**3/3 + 40*y**2. Let n be b(9). Let d = n + 86. Calculate the greatest common factor of 44 and d.
11
Suppose -1495200 = -119*g + 8*g - 29*g. What is the greatest common divisor of 36 and g?
12
Let d = 46 - 42. Suppose 5*y + 1 = -3*a, 0 = -2*a - d*y + y. Suppose a*u - 22 = u. What is the highest common divisor of u and 143?
11
Let q = 2121 + -546. Suppose 4*p = 5*a + q, 4*p + 3*a = 1015 + 536. Calculate the greatest common factor of p and 13.
13
Let i be 75/975 - (-21760)/26. What is the highest common divisor of 108 and i?
27
Suppose -16264 = -4*m + 4*k, -21*m + 20335 = -16*m - 4*k. Calculate the highest common divisor of m and 413.
59
Let h(i) = -2*i + 264. Let s be h(17). Calculate the greatest common divisor of 490 and s.
10
Let o(a) = 325*a + 21165. Let b be o(-65). Let k(c) = 36*c - 4. Let q be k(4). What is the highest common divisor of q and b?
20
Let d = -5022 - -7815. What is the greatest common factor of 285 and d?
57
Let r(f) be the second derivative of -f**5/20 + 3*f**4/4 - 11*f**3/6 - 7*f**2/2 - 4*f - 10. Let o be r(7). What is the highest common divisor of 63 and o?
7
Let f be ((-65)/20 + 7)/(4 - 20788/5200). What is the highest common divisor of 375 and f?
125
Let w = 181 - 185. Let n be (-1 + 2)/(4/w) + 34. Calculate the greatest common divisor of 11 and n.
11
Let z = -30 - -33. Suppose -5*b - z*d + 45 = 0, d - 12 - 7 = -2*b. Suppose 10*y + b = 13*y. What is the highest common factor of y and 8?
4
Suppose -104 = -2*g + 4*j, -g = -5*j + 7*j - 68. What is the highest common divisor of 2985 and g?
15
Suppose 0 = -3486*k + 3496*k - 400340. What is the greatest common divisor of 74 and k?
74
Let j = -989 + 618. Let u = 381 + j. What is the greatest common divisor of 810 and u?
10
Let q(x) = -722*x - 4972. Let c be q(-7). Calculate the highest common factor of 205 and c.
41
Suppose -2*d + 3*t + 8 = 0, -3*t - t = -5*d + 6. Let u be 4/1 + (d - 5). Let g be u/((-6)/8)*8. What is the highest common factor of 16 and g?
16
Suppose -9*u - 13 = 32. Let f(a) = a + 15. Let c be f(u). Calculate the greatest common divisor of 15 and c.
5
Suppose 2*q - 27 - 31 = 0. Let i be 35/70*(1 - 45). Let v = q + i. What is the highest common factor of 14 and v?
7
Let g(u) = 29*u**2 - 30*u - 7. Let z be g(-7). Calculate the greatest common factor of z and 16.
8
Let s(n) = 70*n - 330. Let j be s(7). What is the greatest common divisor of 2160 and j?
80
Let x(i) = 27*i - 7. Let l(j) = 26*j - 8. Let q(o) = 5*l(o) - 6*x(o). Let k = 483 + -485. Let b be q(k). What is the highest common factor of 165 and b?
33
Let i be (-220 - -4)/((-48)/32). Calculate the highest common divisor of 3546 and i.
18
Let x(i) = 2*i**3 + 28*i**2 - 4*i - 210. Let o be x(-13). Calculate the highest common factor of 19260 and o.
180
Let d(o) = o**3 - 18*o**2 - 83*o - 41. Let r be d(22). What is the highest common divisor of r and 4623?
69
Let q = 2 - -2. Suppose -g = 3*y - 2*g - 381, -q*y + 5*g = -519. Let m be (5/(-15))/((-2)/y). What is the highest common factor of m and 168?
21
Let n be (312/442)/((-4)/(-34)). What is the highest common divisor of n and 258?
6
Suppose -62*o = -29*o - 27*o - 858. Calculate the highest common divisor of 649 and o.
11
Suppose 2*g = 7 - 1. Suppose 11*f = -22*f + 19833. Suppose -f = -16*c - 505. Calculate the greatest common factor of g and c.
3
Let a = -246 + 258. Let b be (-8)/20*12*(-150)/a. Calculate the highest common divisor of b and 140.
20
Let s be (-156)/(-14) + (-504)/441. Let c be (0 - 0)/(4 + -2). Suppose c = -s*a - a + 44. Calculate the greatest common factor of a and 3.
1
Let x = -108 - -118. Suppose 14*b - x = 12*b. Suppose -b*m - 5*j = -430 - 100, 0 = -4*m + 2*j + 448. Calculate the greatest common divisor of m and 10.
10
Let y be -4 + 2 + -1 + 3. Let r = 4 - y. Let v be 10 - 4*(-1)/2. Calculate the highest common factor of v and r.
4
Let w be (1 - (-27)/(-15))*5. Let h(g) = -1 - 6*g + 3*g**2 + g**3 - 2 - 2 + 0. Let b be h(w). What is the highest common divisor of 39 and b?
3
Suppose 0 = -54*p + 62*p - 16432. Calculate the greatest common divisor of p and 52.
26
Let c(f) be the third derivative of f**5/20 + 3*f**4/4 + 28*f**3/3 + 39*f**2. Let b be c(-6). What is the greatest common factor of 504 and b?
56
Let u be (-2 + -1)/(390/(-1782) - 52/(-286)). Suppose 167 - 572 = -5*d. What is the greatest common factor of u and d?
81
Let i(r) = -r**2 + 6*r + 1. Let x be i(2). Let a be 736/x - ((-520)/72 - -7). Suppose 13*q - a = 22. What is the greatest common divisor of q and 8?
8
Suppose 0*q - m = 5*q + 1695, 4*q + 3*m = -1345. Let g = -310 - q. What is the highest common factor of 40 and g?
10
Suppose 37 = 2*w - 7. Let l = -1792 - -2034. What is the greatest common divisor of l and w?
22
Let s be (2 - 1)*(9 - 1). Let v = 536 - 545. Let d(x) = x**2 + 14*x + 61. Let t be d(v). Calculate the greatest common divisor of t and s.
8
Let x be (-7 - -5) + (5 - 5 - -62). Calculate the greatest common divisor of x and 492.
12
Let k be -5 - (4 + 3 + -4). Let j(w) = w**3 + 9*w**2 - 10. Let h be j(k). Let x be 11 + -1 + (-8)/8. Calculate the highest common factor of x and h.
9
Let y be (0 - 0) + -19 + -19. Let o = y - -43. Suppose d + 3*h - 9 = 0, 2*h = o*d - 2*d - 82. Calculate the highest common factor of d and 6.
6
Let h = -954 + 2852. Calculate the greatest common divisor of 26 and h.
26
Let p be (-2)/((-175)/(-28) - 6). Let w be ((-4557)/196)/(6/p). Let u be 1/3 - 1300/(-6). Calculate the highest common divisor of u and w.
31
Let q(u) = -u**3 + 9*u**2 + 52*u - 172. Let c be q(12). What is the highest common factor of 3100 and c?
20
Suppose 0 = -149*c + 21*c + 26752. Let v = 4 - -53. Calculate the highest common divisor of v and c.
19
Let j = -391 - -66. Let m = -315 - j. Calculate the greatest common factor of 190 and m.
10
Suppose 4*l = -4*p + 31 + 5, 2*p = -4*l + 20. Calculate the highest common factor of 1 and p.
1
Suppose -1078 + 328 = -3*n + 3*b, 3*n = b + 754. Suppose -3*o + 40 = -4*c, 3*o - 2*c = -0*c + 38. What is the highest common divisor of n and o?
12
Let g(y) = -9*y**2 + y**3 + y**2 - 223 + 12*y + 228. Let t be g(5). Let i be (-4)/(-14) + (-174)/84*t. Calculate the greatest common factor of 7 and i.
7
Let f be 454/(-50) + (-22)/(-275) + 72. Suppose 244 + 428 = 4*i. What is the greatest common divisor of i and f?
21
Let a(b) = 6*b**3 + 43*b**2 - 68*b + 6. Let o be a(6). Calculate the greatest common factor of o and 962.
74
Suppose -135 = -5*p + f + 3*f, -3*p + 113 = 4*f. Let c = p + -32. Let o be -4 - 0 - -17 - c. Calculate the highest common divisor of 98 and o.
14
Let y(c) = -3*c + 37. Let f be y(-6). Let t be 0 - 904/(-40) - (-12)/(-20). What is the highest common factor of t and f?
11
Suppose -d - 2*d = -204. Let m be (695/(-10)*-2)/(2/2). Let c = 190 - m. Calculate the highest common factor of c and d.
17
Let r(n) = n**2 - 10*n + 409. Let k be r(0). Suppose k + 229 = 22*d. Calculate the highest common factor of d and 493.
29
Let k be -13 + 1 + 5 + (-2 - 1). Let i be ((-1)/3 - 0)*(k - -10). Suppose -6*w + 377 - 77 = i. What is the greatest common factor of 10 and w?
10
Suppose 15*r + 153 - 264 = 3189. What is the highest common factor of r and 990?
110
Let u be -4 - (-2 + -46)/4. Suppose -s = -5*v + 363, -v - 537 = s - 606. What is